-9)).
-65
Calculate (-26 - -36) + -2 + -1 + -6 + -5.
-4
What is the value of (-32 - -32) + 13 + -1 - (-30 - -85)?
-43
What is the value of (16 - (11 - -8) - 35) + -42 + 46?
-34
What is the value of (-8 + 2 - -3) + -83 - (17 + 25 + -51)?
-77
Calculate 87 - (340 - 344 - (-4 - (-5 + 2))).
90
Calculate 61 + (-91 - 30) - (-3 + -1).
-56
(-54 - 2) + 136 + -115
-35
What is 1 - 39 - (160 - (185 - 52))?
-65
10 + -6 - (-5 - -1) - (-52 + (-4 - 7))
71
-108 - -13 - (833 + -919)
-9
-18 + 27 - -41 - 64
-14
Calculate -2 + -11 - (0 - 1) - (-1 - (-7 - 12)).
-30
What is -51 - (-14 - (1 - (-7 + -5 + 15)))?
-39
Evaluate -60 + (19 - 67 - -32).
-76
What is the value of -52 + (46 - (-9 - -43))?
-40
Calculate -117 - ((145 - 125) + -4 + 0 + 4).
-137
Evaluate (17 - (-26 + 32 + 7)) + -35.
-31
What is the value of -6 + (-14 + 8 + (-1 - -58) - -6)?
51
Calculate (-2 - (-3 - 2)) + -4 + -56 + 4 + 3.
-50
What is 71 + -19 + (31 - 37) - (1 + -19)?
64
What is -67 - -69 - 30 - (-13 + 3 - 5)?
-13
What is (-16 - 0 - -10) + (-2 - (4 - 18)) - -8?
14
5 + (8 + 4 - ((-9 - 3) + 16))
13
Evaluate (0 + 5 - 22) + -1 + 3 + -17.
-32
3 - 1 - (-2 + -53 + 83 + -42)
16
What is the value of 205 - (32 + 10 + 87)?
76
What is 21 + (-21 - 69 - -55)?
-14
Evaluate 204 + -124 - (7 + -10).
83
What is (8 - -22) + -63 - -68?
35
What is the value of 9 + -1 + 54 - -1 - (2 + (6 - -1))?
54
What is -3 + 4 + -104 - (3 - 3 - (11 + -3))?
-95
What is 122 - 28 - (-14 + 21 + -7 - (9 - 0))?
103
What is the value of 31 - 47 - (-7 - -1) - 65 - 10?
-85
What is -158 + 76 - ((-4 - 0) + -2)?
-76
Calculate -27 - -41 - -46 - (1 + 0 + -16).
75
Calculate -106 + 2 + -3833 + 3872.
-65
Evaluate -180 + 113 + 20 - -67.
20
What is the value of (39 - 65) + 33 + (2 - (-8 + (3 - -1)))?
13
Evaluate -157 - ((7 - 0) + 13 + 17 + -76 + 26).
-144
-201 - -94 - ((11 + -6 - 7) + (1 - 6))
-100
What is (-157 - -49 - (2 + (-25 - -1))) + (7 - 1)?
-80
Evaluate 16 + 13 + -21 + 15 + -3.
20
Calculate 3 - 2 - -22 - (-296 + 335 - (-4 + 45)).
25
Calculate -29 + (-80 - 0) - -64.
-45
Evaluate 16 + (-2 - (-5 - -1)) + 6.
24
What is the value of 0 - ((-24 - 2) + -2) - (-66 + 51 + 9)?
34
Evaluate -43 - (47 + -87) - (16 + 4 + (0 - 1)).
-22
Calculate 2459 - 2447 - ((1 - 0 - 2) + -31) - -8.
52
24 + (-23 - (18 - (76 - 13)))
46
(29 - 63) + (6 - 0) + (25 - 17)
-20
138 + (-314 - -81) + -39
-134
What is the value of -9 - (12 + -7) - (-21 + -45 + -12 + 2)?
62
4 + (-7 - (2 - (-2 - -5)) - (-9 - -59))
-52
-98 + -2 + -1 - (-59 - -262 - 190)
-114
Calculate 29 + (-4 + 2 + -3 - (55 - 69)).
38
Evaluate (-12 + 53 - 23 - 49) + 16 + (0 - -27).
12
Calculate -38 + 42 + -12 - -1 - (1 - 96).
88
What is 1 + (6 - 7) - (24 + 11 - (-4 - 4))?
-43
What is 4225 - 4293 - (-68 - -3)?
-3
Calculate -59 + -1 + 28 + (17 - -41).
26
Evaluate 14 + 52 + -28 - 27.
11
Evaluate (-295 - -304) + -1 + -50 - -5 - -9.
-28
-70 + 26 + -17 + 58
-3
Calculate -51 - (-2 + 4 - (16 + (19 - 31))).
-49
What is the value of (13 - (-12 + 28) - -1) + -5 + 7?
0
Evaluate -10 + 9 + (-11 - 0) - (53 - (-12 + 6)).
-71
Calculate (-1 + 1 - 25) + -43 + (-12 + 11 - -33).
-36
40 + (7 + (16 - (11 - 1)) - 14)
39
What is 24 + (-8 - ((-16 - -14) + 1))?
17
What is (-20 - (0 + -3)) + (315 - 348)?
-50
What is the value of 718 + -713 + (8 - 10 - (1 + 1)) + -53?
-52
Calculate 42 - 0 - (-8 + 33 + -34 + -6).
57
What is (-559 - -551) + (1 - -19)?
12
What is the value of 11 + (13 - (30 - -4)) + (-1 - 13)?
-24
What is (-33 - (36 + -25)) + (8 - 70)?
-106
Calculate 90 + (-8 + -1 + (279 - 280) - -3).
83
Calculate 2 + (-32 - -17) - (0 - -1 - (67 - 147)).
-94
Calculate 1412 + -1422 - (36 - 2 - 0).
-44
Evaluate (-25 - (8 - -2)) + 11 + -35.
-59
-67 + 9 + 82 + -12
12
What is -1 - (1 + -54 - (-10 + 15 + -14)) - -11?
54
Calculate 16 + -17 + 1 + 11 + 14 + -51.
-26
What is the value of 5 + 23 - -3 - (5 - (10 - 8))?
28
What is the value of 10 - (-18 + 33 - 4) - (12 - 0)?
-13
Evaluate -2 + 8 + 2 - ((-32 - -13) + 3).
24
Evaluate (-88 - -4) + 18 + 31.
-35
-9 + 0 + 1 + 0 + -525 + 515
-18
Calculate 26 - (-29 + 37 - (-16 - -31)).
33
What is -67 - (-33 + (28 - 6) + (-3 + 10 - 4))?
-59
What is -12 + 17 + (-3 - -7) - 7 - 40?
-38
What is the value of (3 - -6 - -15) + 4 - (-10 - (-3 - -2))?
37
What is the value of -175 - (-349 + 202) - (0 + 7)?
-35
What is 133 - 2 - (1119 + -1088)?
100
What is the value of (11 + -6 - 40) + -7 + 21 + -10?
-31
What is the value of -24 + 23 - 89 - -20?
-70
What is the value of 0 + 0 + (-4 - -1 - ((-29 - -60) + -36))?
2
(-9 - -32) + -13 - (12 + -3)
1
What is (34 + (54 - 114) - 12) + (5 - (2 + -3))?
-32
What is the value of 127 - 0 - (-2446 + 2521)?
52
Calculate (-143 - -153) + (-8 - 19 - -17).
0
Calculate -89 + (-6 - -76 - 8).
-27
What is the value of (-1 - 49) + -186 + 189?
-47
60 - (34 + 18) - 22
-14
What is the value of (28 - (2 + 8 - 18)) + -3?
33
What is the value of -17 - -4 - (-32 + (12 - -16))?
-9
(-4 - 41) + (297 - 257)
-5
Evaluate 17 + 1 + -17 + -20 - -23.
4
What is 6985 + -6816 + (2 - 67)?
104
What is -116 - (-273 - -3 - -44)?
110
What is the value of (0 - 1 - 16) + (-5856 - -5927)?
54
112 + (-11 - (-14 - -8)) - (-67 + 85)
89
(-1 - -4) + 6 + (20 - 32) + -7 + 1
-9
What is the value of -9 + 19 - (43 - (1 + 4 + -6))?
-34
Evaluate -12 - (23 + -20 - 68 - 28).
81
(9 + -5 - -112) + (182 - 197)
101
-19 - (20 + (11 - 35 - -19))
-34
Evaluate (-8 - -15) + 34 + -5 - (4 - (10 + 3)).
45
What is -126 + (128 - -124) - 115?
11
What is the value of (0 + -36 - -6) + (-14 + 34 - 13)?
-23
Evaluate -45 + (72 - 132) - -126.
21
What is the value of -12 - 0 - -4 - (494 - 497) - -74?
69
Evaluate (-51 - -147) + -63 + (8 - 6).
35
Calculate 25 + (1 - (3 + 5 - (-8 + 16))).
26
What is the value of 0 + 47 + (-36 + 28 - -32 - 22)?
49
What is -9 + (0 - (-60 - (13 - 47)))?
17
What is 120 + (-4 - 63) - 8?
45
Evaluate -49 - ((0 - (2 + 0 - 7)) + -17).
-37
Evaluate (-2 - (3 - -1)) + (-9 + -5 - 2).
-22
What is the value of -78 - -72 - (-7 - (1 + -37) - -6)?
-41
What is 19 + (29 - -46) - 38?
56
What is the value of (-142 - -93 - 104) + 56?
-97
Evaluate (-78 - 2) + (241 - 222) + 0 + 1 + -8.
-68
What is the value of (29 - 0) + (7620 - 7698)?
-49
What is 28 + 0 + -4 - (11 - ((46 - 26) + -9))?
24
What is (21 - (-1 - -3)) + (-5 - (-38 - -12)) + -16?
24
(-16 - ((-15 - -9) + 10 + -4)) + 7
-9
Calculate -22 + 12 + (-6 + (-3 - (-13 + 0)) - 11).
-17
What is -27 + 27 + (-14 - -54) - (10 + 11)?
19
What is -245 + 209 + (13 - 9) + (-1 - -1) + -8?
-40
-2 + 13 - ((-7 - 9 - -8) + -9)
28
(-14 - 2 - (47 - (72 - 7))) + 0 + 13
15
Evaluate 1 - (17 + 20) - (-3 - (2 - 7)).
-38
What is (-8 - 0) + (-26 + 2 - (-11 + 28 - 86))?
37
What is -43 + 51 + 13 + 57 + (0 - 6)?
72
What is (0 - 93) + (-9962 - -10003)?
-52
Evaluate (4 + (33 - 24) - 17) + -3 + 2 + 2.
-3
What is -20 - -1 - (-44 - -41) - (5 - 11)?
-10
What is the value of 6 + (10 + (-36 - 2) - (13 - 3))?
-32
Calculate -22 + 3 + -2 + -5 - (4 + -13 + 13).
-30
Calculate -5 + (-42 + -1 - ((16 - 3) + 37 + -53)).
-45
Evaluate -29 + 7 - -16 - (-7 - -8).
-7
What is -5 + 40 + (94 - 182)?
-53
Evaluate 22 + 20 + (-9 - (13 + -8)).
28
What is (13 - (-8 + -1)) + (21 - -6)?
49
Evaluate -226 - -230 - ((2 - (2 - -5) - -7) + -41).
43
Evaluate (-24 - (-6 + 18 + -48)) + -4 + 1 + 0.
9
Calculate (0 - 10) + (21 - (6 - 25)) + -27 - -83.
86
Evaluate -13 + 15 + -192 + 185 + 70 + -2.
63
What is -47 - ((-2 - 1 - (25 - 29)) + -7)?
-41
Evaluate 1 + -1 + 9 - (22 - 11 - (121 - 54)).
65
What is 716 + -729 - (0 - -2 - -1)?
-16
What is 45 + -73 + (-81 - -51)?
-58
Evaluate (65 + -78 - -32) + (-2 - -19).
36
What is (-19 - 0) + 2 - (-33 - (-6 - 14) - -22)?
-26
What is -25 - (11 - (-17 + 15 + -19 + 21))?
-36
What is the value of 23 + (114 - 114 - (0 + (1 - 4 - 0)))?
26
-9 - (-8 - 19) - 6 - -3
15
Calculate -2945 + 3012 - (40 - 1).
28
What is the value of (1 - 9) + (28 - (4 - -4)) + -8?
4
Calculate 123 - (42 - 181 - -171).
91
What is the value of 1 + 3 + (-145 - -136 - (-72 - -1))?
66
(-1 - -58 - -2) + 536 + -560 + (30 - 0)
65
What is the value of ((19 - 19) + -38 - -33) + 33?
28
What is the value of 87 - (67 + -31 + 0 - -1)?
50
39 + -12 + (-22 - (26 + -23))
2
Evaluate (20 - (4 + -9 + 18)) + -5 - (2 + -13).
13
Calculate -1 + (-24 - (6 - (4 + -2))) + (-19 - -10).
-38
-13 + 16 + 157 + -183
-23
Evaluate -6 - -7 - (26 - (-7 - (-28 + 9))).
-13
Evaluate 12 - ((0 - -2) + -2) - (-6 + -68 - -65)